{"id":944,"date":"2017-08-07T14:44:59","date_gmt":"2017-08-07T12:44:59","guid":{"rendered":"https:\/\/ranaelgjegerforening.no\/?page_id=944"},"modified":"2021-05-31T21:08:31","modified_gmt":"2021-05-31T19:08:31","slug":"skyteleder-pa-banen","status":"publish","type":"page","link":"https:\/\/ranaelgjegerforening.no\/?page_id=944","title":{"rendered":"Skyteleder p\u00e5 elgbanen"},"content":{"rendered":"<p><a href=\"https:\/\/ranaelgjegerforening.no\/wp-content\/uploads\/2021\/05\/Skyteledere-pa-Elgbanen-2021.pdf\"><span style=\"color: #0000ff;\">Skyteledere p\u00e5 Elgbanen 2021<\/span><\/a><\/p>\n<p><a href=\"https:\/\/ranaelgjegerforening.no\/wp-content\/uploads\/2020\/06\/Skyteledere_pa_Elgbanen-2020_1.pdf\"><span style=\"color: #0000ff;\">Skyteledere p\u00e5 Elgbanen 2020<\/span><\/a><\/p>\n<p><span style=\"color: #0000ff;\"><a style=\"color: #0000ff;\" href=\"https:\/\/ranaelgjegerforening.no\/wp-content\/uploads\/2020\/02\/Skyteledere-p\u00e5-Elgbanen-2019-1.pdf\">Skyteledere p\u00e5 Elgbanen 2019<\/a><\/span><\/p>\n<p><span style=\"color: #0000ff;\"><a style=\"color: #0000ff;\" href=\"https:\/\/ranaelgjegerforening.no\/wp-content\/uploads\/2018\/05\/Skyteledere-p\u00e5-Elgbanen-2018.pdf\">Skyteledere p\u00e5 Elgbanen 2018<\/a><\/span><\/p>\n","protected":false},"excerpt":{"rendered":"<p>Skyteledere p\u00e5 Elgbanen 2021 Skyteledere p\u00e5 Elgbanen 2020 Skyteledere p\u00e5 Elgbanen 2019 Skyteledere p\u00e5 Elgbanen 2018<\/p>\n","protected":false},"author":2,"featured_media":0,"parent":0,"menu_order":5,"comment_status":"closed","ping_status":"closed","template":"","meta":{"generate_page_header":""},"_links":{"self":[{"href":"https:\/\/ranaelgjegerforening.no\/index.php?rest_route=\/wp\/v2\/pages\/944"}],"collection":[{"href":"https:\/\/ranaelgjegerforening.no\/index.php?rest_route=\/wp\/v2\/pages"}],"about":[{"href":"https:\/\/ranaelgjegerforening.no\/index.php?rest_route=\/wp\/v2\/types\/page"}],"author":[{"embeddable":true,"href":"https:\/\/ranaelgjegerforening.no\/index.php?rest_route=\/wp\/v2\/users\/2"}],"replies":[{"embeddable":true,"href":"https:\/\/ranaelgjegerforening.no\/index.php?rest_route=%2Fwp%2Fv2%2Fcomments&post=944"}],"version-history":[{"count":9,"href":"https:\/\/ranaelgjegerforening.no\/index.php?rest_route=\/wp\/v2\/pages\/944\/revisions"}],"predecessor-version":[{"id":3017,"href":"https:\/\/ranaelgjegerforening.no\/index.php?rest_route=\/wp\/v2\/pages\/944\/revisions\/3017"}],"wp:attachment":[{"href":"https:\/\/ranaelgjegerforening.no\/index.php?rest_route=%2Fwp%2Fv2%2Fmedia&parent=944"}],"curies":[{"name":"wp","href":"https:\/\/api.w.org\/{rel}","templated":true}]}}